13 (base 11) to base 12.
-12
3 (base 4) to base 8
3
Convert -209 (base 12) to base 4.
-10221
-3 (base 4) to base 6
-3
What is -1a7 (base 13) in base 10?
-306
-1c (base 15) to base 14
-1d
Convert 3 (base 5) to base 8.
3
What is 31 (base 8) in base 11?
23
Convert 4 (base 12) to base 10.
4
What is -5 (base 10) in base 16?
-5
What is -3 (base 16) in base 13?
-3
Convert 61 (base 13) to base 10.
79
-256 (base 8) to base 3
-20110
8 (base 13) to base 11
8
-9 (base 12) to base 13
-9
10 (base 4) to base 6
4
What is 4 (base 6) in base 14?
4
What is 4 (base 14) in base 13?
4
21 (base 6) to base 16
d
Convert 1a7 (base 13) to base 5.
2211
What is 1 (base 5) in base 6?
1
Convert -4f (base 16) to base 6.
-211
What is 112 (base 3) in base 7?
20
What is 8 (base 14) in base 7?
11
What is 66 (base 13) in base 8?
124
Convert 10 (base 8) to base 12.
8
What is -2 (base 13) in base 15?
-2
Convert 27 (base 8) to base 12.
1b
What is 0 (base 10) in base 7?
0
Convert 3f (base 16) to base 12.
53
What is 1 (base 4) in base 12?
1
What is 4 (base 7) in base 4?
10
What is 2 (base 9) in base 12?
2
What is -101101 (base 2) in base 7?
-63
What is -11111 (base 2) in base 4?
-133
-10101000 (base 2) to base 10
-168
What is -3 (base 7) in base 8?
-3
Convert 11 (base 13) to base 9.
15
-37 (base 12) to base 14
-31
What is -50 (base 12) in base 16?
-3c
What is 0 (base 14) in base 12?
0
What is 77 (base 11) in base 5?
314
200 (base 4) to base 14
24
2 (base 13) to base 7
2
Convert -3 (base 9) to base 4.
-3
Convert -1 (base 12) to base 7.
-1
17 (base 13) to base 16
14
17 (base 11) to base 15
13
28 (base 12) to base 10
32
24 (base 12) to base 11
26
Convert -34 (base 8) to base 11.
-26
Convert 4 (base 13) to base 6.
4
Convert -116 (base 9) to base 12.
-80
What is 200 (base 3) in base 11?
17
-127 (base 9) to base 2
-1101010
Convert 3 (base 4) to base 12.
3
What is 35 (base 15) in base 3?
1212
What is -4 (base 16) in base 12?
-4
Convert -7 (base 13) to base 10.
-7
What is -21 (base 10) in base 6?
-33
What is -47 (base 13) in base 7?
-113
-1210 (base 5) to base 6
-500
-3 (base 10) to base 6
-3
What is 10100 (base 3) in base 6?
230
-9 (base 14) to base 15
-9
What is -20 (base 3) in base 2?
-110
Convert -27 (base 10) to base 5.
-102
35 (base 9) to base 8
40
What is -18 (base 9) in base 13?
-14
-2 (base 15) to base 11
-2
-140 (base 6) to base 4
-330
-3 (base 4) to base 12
-3
Convert 3 (base 7) to base 14.
3
Convert -126 (base 7) to base 10.
-69
What is -16 (base 16) in base 3?
-211
What is 11 (base 3) in base 12?
4
What is -640 (base 7) in base 12?
-22a
2 (base 12) to base 15
2
Convert -15 (base 12) to base 3.
-122
What is -106 (base 7) in base 9?
-61
-c (base 14) to base 11
-11
What is 15 (base 9) in base 15?
e
Convert -1 (base 11) to base 4.
-1
100110000 (base 2) to base 15
154
What is 3b (base 16) in base 13?
47
What is 11100 (base 2) in base 10?
28
Convert -103 (base 10) to base 3.
-10211
What is -30 (base 6) in base 3?
-200
130 (base 7) to base 8
106
What is 10a (base 13) in base 11?
153
0 (base 3) to base 12
0
Convert -2 (base 12) to base 2.
-10
What is 17 (base 9) in base 7?
22
Convert -110 (base 4) to base 16.
-14
What is -3 (base 6) in base 3?
-10
Convert 2a (base 13) to base 2.
100100
4 (base 6) to base 4
10
Convert 3 (base 13) to base 12.
3
-11011 (base 3) to base 6
-304
What is f2 (base 16) in base 3?
22222
Convert 131 (base 8) to base 15.
5e
85 (base 11) to base 15
63
-10210 (base 3) to base 16
-66
Convert 3 (base 16) to base 4.
3
What is -1000 (base 6) in base 3?
-22000
4 (base 10) to base 3
11
What is -6 (base 13) in base 9?
-6
What is -95 (base 11) in base 7?
-206
-8 (base 12) to base 8
-10
Convert -54 (base 6) to base 3.
-1021
Convert -19 (base 10) to base 15.
-14
What is -8 (base 11) in base 9?
-8
Convert -5 (base 6) to base 16.
-5
What is -1 (base 13) in base 16?
-1
What is -41 (base 13) in base 12?
-45
Convert -1012 (base 5) to base 11.
-110
94 (base 16) to base 4
2110
Convert -5b (base 12) to base 4.
-1013
What is 30 (base 7) in base 2?
10101
Convert -1a (base 13) to base 16.
-17
3 (base 13) to base 2
11
What is 100011 (base 2) in base 14?
27
Convert -12 (base 8) to base 13.
-a
27 (base 10) to base 7
36
What is -111 (base 2) in base 11?
-7
What is 1011 (base 3) in base 13?
25
Convert 4 (base 13) to base 8.
4
11 (base 9) to base 2
1010
-2 (base 5) to base 13
-2
What is 31 (base 16) in base 8?
61
Convert -63 (base 11) to base 4.
-1011
526 (base 7) to base 16
109
What is 11 (base 6) in base 11?
7
-1 (base 12) to base 7
-1
0 (base 2) to base 14
0
Convert 6 (base 14) to base 2.
110
-25 (base 11) to base 5
-102
Convert 2132 (base 4) to base 15.
a8
What is -24 (base 9) in base 12?
-1a
11 (base 2) to base 14
3
Convert 3 (base 14) to base 16.
3
-3 (base 12) to base 2
-11
-ba (base 16) to base 2
-10111010
32 (base 13) to base 7
56
Convert 30 (base 10) to base 16.
1e
What is -22 (base 5) in base 6?
-20
What is -35 (base 8) in base 16?
-1d
171 (base 8) to base 5
441
Convert 10 (base 3) to base 2.
11
Convert -1012 (base 4) to base 13.
-55
Convert -6 (base 15) to base 11.
-6
What is -50 (base 6) in base 16?
-1e
2b (base 13) to base 15
27
Convert -6 (base 9) to base 2.
-110
What is 3 (base 15) in base 9?
3
Convert 1000 (base 3) to base 5.
102
Convert -2233 (base 4) to base 8.
-257
12 (base 8) to base 6
14
-51 (base 15) to base 8
-114
-2 (base 5) to base 3
-2
What is 6 (base 11) in base 13?
6
What is 115 (base 6) in base 4?
233
-2 (base 6) to base 10
-2
What is 0 (base 6) in base 14?
0
22210 (base 3) to base 13
153
What is -111 (base 2) in base 14?
-7
Convert 23 (base 16) to base 14.
27
What is -22020 (base 3) in base 13?
-141
What is 13 (base 8) in base 16?
b
What is -7 (base 9) in base 7?
-10
What is 90 (base 12) in base 8?
154
23 (base 10) to base 16
17
Convert -4 (base 13) to base 14.
-4
What is 52 (base 12) in base 8?
76
-1 (base 3) to base 5
-1
What is -3 (base 9) in base 11?
-3
2011 (base 3) to base 15
3d
What is -3 (base 13) in base 9?
-3
What is -302 (base 7) in base 16?
-95
What is 12 (base 4) in base 12?
6
What is 3 (base 7) in base 12?
3
11 (base 2) to base 11
3
What is -11001011 (base 2) in base 4?
-3023
0 (base 8) to base 4
0
1 (base 14) to base 9
1
-12 (base 11) to base 6
-21
What is -45 (base 14) in base 11?
-56
-15 (base 8) to base 10
-13
What is 2 (base 13) in base 6?
2
Convert 16 (base 16) to base 11.
20
Convert -142 (base 10) to base 13.
-ac
Convert 4a (base 16) to base 13.
59
What is -29 (base 12) in base 5?
-113
Convert -1002 (base 3) to base 2.
-11101
Convert -3 (base 9) to base 15.
-3
3 (base 4) to base 2
11
What is -4 (base 16) in base 8?
-4
What is -3 (base 6) in base 4?
-3
Convert -1 (base 16) to base 14.
-1
11 (base 4) to base 3
12
Convert -10 (base 2) to base 10.
-2
What is 0 (base 14) in base 7?
0
-26 (base 9) to base 6
-40
-205 (base 6) to base 5
-302
Convert -320 (base 6) to base 2.
-1111000
What is 10111 (base 2) in base 6?
35
Convert 12 (base 7) to base 14.
9
Convert -2 (base 11) to base 3.
-2
174 (base 8) to base 14
8c
Convert 1 (base 10) to base 16.
1
-1211 (base 6) to base 5
-2140
Convert -1b (base 13) to base 4.
-120
Convert 6e (base 15) to base 8.
150
199 (base 10) to base 9
241
Convert 1 (base 13) to base 8.
1
1 (base 13) to base 7
1
Convert -321 (base 4) to base 3.
-2010
What is 6 (base 16) in base 14?
6
-2002 (base 3) to base 2
-111000
Convert -1 (base 14) to base 5.
-1
Convert 23 (base 10) to base 6.
35
-3 (base 10) to base 5
-3
Convert -5 (base 16) to base 9.
-5
108 (base 12) to base 13
b9
Convert 5 (base 8) to base 3.
12
What is -1 (base 3) in base 5?
-1
-4 (base 14) to base 12
-4
Convert 0 (base 11) to base 6.
0
Convert 310 (base 4) to base 12.
44
3a (base 13) to base 6
121
Convert -2a (base 13) to base 7.
-51
5 (base 11) to base 8
5
-31 (base 13) to base 9
-44
What is 102 (base 12) in base 9?
172
Convert -40 (base 8) to base 15.
-22
What is 100 (base 2) in base 10?
4
-1 (base 2) to base 16
-1
What is 0 (base 9) in base 15?
0
What is -2 (base 7) in base 3?
-2
Convert 111001 (base 2) to base 8.
71
10100 (base 2) to base 4
110
What is 1100 (base 2) in base 5?
22
Convert 11 (base 6) to base 4.
13
90 (base 14) to base 5
1001
-12120 (base 3) to base 10
-150
Convert -10 (base 4) to base 15.
-4
What is -16 (base 14) in base 11?
-19
-200 (base 3) to